{"id":6931,"date":"2024-02-22T10:07:44","date_gmt":"2024-02-22T03:07:44","guid":{"rendered":"\/web\/?page_id=6931"},"modified":"2024-02-22T10:08:54","modified_gmt":"2024-02-22T03:08:54","slug":"chi-bo-y-hoc-co-truyen","status":"publish","type":"page","link":"\/web\/chi-bo-y-hoc-co-truyen\/","title":{"rendered":"CHI B\u1ed8 Y H\u1eccC C\u1ed4 TRUY\u1ec0N"},"content":{"rendered":"\n<figure class=\"wp-block-table\"><table><tbody><tr><td class=\"has-text-align-center\" data-align=\"center\"><img loading=\"lazy\" decoding=\"async\" width=\"150\" height=\"225\" class=\"wp-image-3502\" style=\"width: 150px;\" src=\"\/web\/wp-content\/uploads\/2017\/09\/Ph\u1ea1m-Qu\u1ed1c-Vi\u1ec7t-045290777.jpg\" alt=\"\" srcset=\"\/web\/wp-content\/uploads\/2017\/09\/Ph\u1ea1m-Qu\u1ed1c-Vi\u1ec7t-045290777.jpg 787w, \/web\/wp-content\/uploads\/2017\/09\/Ph\u1ea1m-Qu\u1ed1c-Vi\u1ec7t-045290777-200x300.jpg 200w, \/web\/wp-content\/uploads\/2017\/09\/Ph\u1ea1m-Qu\u1ed1c-Vi\u1ec7t-045290777-682x1024.jpg 682w, \/web\/wp-content\/uploads\/2017\/09\/Ph\u1ea1m-Qu\u1ed1c-Vi\u1ec7t-045290777-768x1152.jpg 768w\" sizes=\"(max-width: 150px) 100vw, 150px\" \/><br><strong>Ph\u1ea1m Qu\u1ed1c Vi\u1ec7t<\/strong><br><em>B\u00ed th\u01b0<\/em><\/td><\/tr><\/tbody><\/table><\/figure>\n\n\n\n<figure class=\"wp-block-table\"><table><tbody><tr><td class=\"has-text-align-center\" data-align=\"center\"><img loading=\"lazy\" decoding=\"async\" width=\"150\" height=\"225\" class=\"wp-image-3501\" style=\"width: 150px;\" src=\"\/web\/wp-content\/uploads\/2017\/09\/Ho\u00e0ng-Th\u1ecb-S\u00e1u-045129023.jpg\" alt=\"\" srcset=\"\/web\/wp-content\/uploads\/2017\/09\/Ho\u00e0ng-Th\u1ecb-S\u00e1u-045129023.jpg 787w, \/web\/wp-content\/uploads\/2017\/09\/Ho\u00e0ng-Th\u1ecb-S\u00e1u-045129023-200x300.jpg 200w, \/web\/wp-content\/uploads\/2017\/09\/Ho\u00e0ng-Th\u1ecb-S\u00e1u-045129023-682x1024.jpg 682w, \/web\/wp-content\/uploads\/2017\/09\/Ho\u00e0ng-Th\u1ecb-S\u00e1u-045129023-768x1152.jpg 768w\" sizes=\"(max-width: 150px) 100vw, 150px\" \/><br><strong>Ho\u00e0ng Th\u1ecb S\u00e1u<\/strong><br><em>Ph\u00f3 b\u00ed th\u01b0<\/em><\/td><\/tr><\/tbody><\/table><\/figure>\n","protected":false},"excerpt":{"rendered":"<div class=\"mh-excerpt\"><p>Ph\u1ea1m Qu\u1ed1c Vi\u1ec7tB\u00ed th\u01b0 Ho\u00e0ng Th\u1ecb S\u00e1uPh\u00f3 b\u00ed th\u01b0<\/p>\n<\/div>","protected":false},"author":1,"featured_media":0,"parent":0,"menu_order":0,"comment_status":"closed","ping_status":"closed","template":"","meta":{"footnotes":""},"_links":{"self":[{"href":"\/web\/wp-json\/wp\/v2\/pages\/6931"}],"collection":[{"href":"\/web\/wp-json\/wp\/v2\/pages"}],"about":[{"href":"\/web\/wp-json\/wp\/v2\/types\/page"}],"author":[{"embeddable":true,"href":"\/web\/wp-json\/wp\/v2\/users\/1"}],"replies":[{"embeddable":true,"href":"\/web\/wp-json\/wp\/v2\/comments?post=6931"}],"version-history":[{"count":2,"href":"\/web\/wp-json\/wp\/v2\/pages\/6931\/revisions"}],"predecessor-version":[{"id":6936,"href":"\/web\/wp-json\/wp\/v2\/pages\/6931\/revisions\/6936"}],"wp:attachment":[{"href":"\/web\/wp-json\/wp\/v2\/media?parent=6931"}],"curies":[{"name":"wp","href":"https:\/\/api.w.org\/{rel}","templated":true}]}}